30/(36/6) - 2. Suppose 5*v = h - 12, -3*v + 4 = v. What is the remainder when h is divided by -3*20/(-12)*3/x?
2
Let v be (-1)/(1/(-125)) - (-147)/(-49). Suppose -21*h + 23*h - v = 0. Calculate the remainder when h is divided by 7.
5
Let r = -3500 + 3529. What is the remainder when 275 is divided by r?
14
Let m = -407 - -392. Suppose 4*o = 8*o - 80. What is the remainder when 25 is divided by 232/o + 9/m + 3?
11
Suppose 6*m = 4*m + 4. Suppose 4*h = 54 - m. Let g = 0 + 23. What is the remainder when g is divided by h?
10
Let x = -110 - -422. Suppose -19*m - x = -43*m. What is the remainder when 155 is divided by m?
12
Let k(b) = b**2 - 14*b - 75. Suppose -5*d = 10, 8*v - 4*v + 12 = 4*d. Calculate the remainder when 354 is divided by k(v).
14
Suppose -4*u - 5*d = 336, 0 = 5*u + d + 219 + 180. Let o = u + 117. Calculate the remainder when o is divided by 7.
3
Suppose 5*d - 105 = -0*d. Suppose 0 = -2*y + d + 51. Let k(v) = -40*v - 15. Calculate the remainder when k(-3) is divided by y.
33
Let c(m) = 333*m - 788. What is the remainder when c(20) is divided by 125?
122
Let d = 373 + -362. Let m(c) = c**3 + 5*c**2 - 18*c + 3. Suppose -24*k + 19*k - 35 = 0. Calculate the remainder when m(k) is divided by d.
9
Let p(u) = -3479*u - 143. What is the remainder when p(-12) is divided by 14?
11
Let s = -2 + -31. Suppose 130 = -3*c - 2. Let q = s - c. Calculate the remainder when 43 is divided by q.
10
Suppose -25 = 3*p + 6*h - h, 4*p + 43 = 3*h. Suppose i - 39 - 2 = 0. Calculate the remainder when i is divided by (-89)/p - (5 + -6)/10.
5
Calculate the remainder when 354 is divided by (855/12)/19*4/(-8)*-16.
24
Let k(z) = 3*z**3 - 28*z**2 + 26*z - 48. What is the remainder when k(9) is divided by 45?
15
Suppose -5*s - 15 = -5*w, 0 = 5*w - s - 16 - 3. Suppose -5*v = b + 9, 0*b - w*b - 70 = 3*v. Let n = 30 + b. Calculate the remainder when n is divided by 6.
5
Suppose 0*s + l = 5*s - 11, 3*s - 8 = 2*l. Suppose 0*r - 2*r = -o - 13, -s*r + 8 = 0. Calculate the remainder when 63 is divided by o*((-4)/(-5) + -4).
15
Let i(s) = -6*s - 130. Suppose -3*b = -3*t + 75, -95*t = -3*b - 93*t - 80. What is the remainder when i(b) is divided by 33?
17
Let r(f) = 7*f + 82. Let n be r(-11). Suppose 0 = 5*c + 2*s - 331, -n*c + 5*s + 61 = -249. Calculate the remainder when 647 is divided by c.
62
Calculate the remainder when 453 + -40*(-6)/24 is divided by 16.
15
Suppose 27068 = 22*r - 15810. What is the remainder when r is divided by 103?
95
Let g = 13 - 1. Let j(k) = -2*k**2 + 40*k + 118. Calculate the remainder when j(22) is divided by g.
6
Suppose 5*o + 4*k - 1521 = 0, -339 = -o - 5*k + 10*k. What is the remainder when o is divided by 15?
9
Suppose 128*k = 126*k - 12, 5*c = -4*k + 651. What is the remainder when c is divided by (-16)/6*15/(-2)?
15
Suppose 0 = -5*d + 32*d + 216. What is the remainder when (-1389)/d + 15/40 is divided by 90?
84
Let a(m) = -8*m - 43. Let j be a(-6). Suppose -j*g = 7*g - 48. Suppose -g*d + 3*f + 124 = 0, -d - 7*f + 46 = -4*f. What is the remainder when d is divided by 6?
4
Let u(d) = -55*d + 39. Let y be u(-7). Let s = 460 - y. Suppose 3*f + 418 = 4*a - 2*f, -531 = -5*a + 2*f. What is the remainder when a is divided by s?
35
Let b = -14212 - -14301. What is the remainder when b is divided by ((-3)/(-2))/((-1)/(-6))?
8
Calculate the remainder when (-24012)/(-290) - (-18)/15 is divided by 15.
9
Suppose -2*m + 172*f - 167*f + 88 = 0, -5*f - 250 = -5*m. What is the remainder when 159 + 2*1/2 is divided by m?
52
Let g = 144 - -35. Let r(o) = -112*o**2 + 10305*o - 83. What is the remainder when g is divided by r(92)?
8
Suppose 5*a - 10 = -3*r, r + 3*a - 8 = -2. Suppose r*u + u - 62 = 0. Let i = 346 - 329. What is the remainder when u is divided by i?
11
Suppose -4*k + 334 + 364 = 2*b, 677 = 4*k - 5*b. Let o = k - 135. Calculate the remainder when 74 is divided by o.
36
Let m(g) = 2*g**2 - 2*g + 3. Suppose -f - 3*z = -12, f - 2*f + 16 = 5*z. What is the remainder when 10 + f/3 - -7 is divided by m(2)?
5
Calculate the remainder when (-6 - -7920)*(-11)/(-66) is divided by 25.
19
Let s(x) = 4*x**2 + 191*x + 89. Calculate the remainder when s(-48) is divided by 49.
39
Let l(j) = 5*j - 133. Let a be l(38). Suppose -a*c + 46*c + 1133 = 0. Calculate the remainder when c is divided by 15.
13
Let r(s) = 11*s + 183. Let l be r(-16). Let u(b) = 20*b + 74. What is the remainder when u(l) is divided by 25?
14
Let m = 2364 + -1497. Let h = m + -1280. Calculate the remainder when h/(-7)*(-1 + 3 + -1) is divided by 31.
28
Let k be 33 + 1 + (-7 - -4). Let z = k - 29. Suppose 17 - 3 = z*t - 2*y, 0 = -t - 3*y + 7. Calculate the remainder when 9 is divided by t.
2
Suppose 2*t + 0*t - 43 = p, 4*t - 131 = 3*p. Let b = p + 46. Suppose -3*h + b = -23. Calculate the remainder when 37 is divided by h.
5
Let l(k) = 9*k + 20. Let b = 124 - 120. Calculate the remainder when 167 is divided by l(b).
55
What is the remainder when (-3758 - 22)/(-12) - 4/2 is divided by 17?
7
Let q(p) = -3*p**2 - 178*p - 28. Calculate the remainder when q(-18) is divided by 12.
8
Let l be (-7)/(-42) - (26/12 + 3). What is the remainder when 22 is divided by (2 - (2 + l)) + 4 + 4?
9
Let a = 63 + -32. Suppose 151*t = 136*t + 1380. What is the remainder when t is divided by a?
30
Suppose -6*m = -3*m - 105. Calculate the remainder when -25 + 594 + -34 - -24 is divided by m.
34
Let s(n) = -28*n + 137. Calculate the remainder when 64 is divided by s(3).
11
Let w = 7361 - 6166. Calculate the remainder when w is divided by 23.
22
Let g = 242 + -174. Let z = 178 + g. What is the remainder when z is divided by 25?
21
Let g(k) = -k + 1. Let z(a) = 25*a**3 - 375*a**2 + 2*a - 28. What is the remainder when z(15) is divided by g(0)?
0
Let l be 1*11 - ((-10)/5 - -4). Let g = l + 33. Suppose 8*o = g + 46. Calculate the remainder when 21 is divided by o.
10
Let u = 347 + -296. Suppose -109 = -k - u. Suppose 2*v - 3*b = 45, -4*b = -3*v - 9*b + 115. What is the remainder when k is divided by v?
28
Suppose -2*s = -5*i - 151, -s = 2*s - 3*i - 213. Calculate the remainder when 215 is divided by s.
11
Let z = 130 - 81. Calculate the remainder when 17 is divided by (-6)/14 - (-315)/z.
5
Suppose 5*f = -4*i + 16459, 75*i - 77*i + 8257 = -3*f. What is the remainder when i is divided by 133?
131
Suppose 6*b - 16 = 2*b. Suppose -o - 189*i = -185*i + 22, -5*i - 3 = 3*o. Calculate the remainder when b*13 + 4/4 is divided by o.
11
Suppose 249 = m - 52*y + 50*y, 0 = 10*m + 2*y - 2600. What is the remainder when 728 is divided by m?
210
Let m = -1115 - -1233. What is the remainder when 6488 is divided by m?
116
What is the remainder when 63 is divided by 2/(-30) + (-286)/(-15)?
6
Suppose -2426*p + 7004 = -2409*p. What is the remainder when p is divided by 39?
22
Calculate the remainder when 515 is divided by ((-18)/72)/(13/(-10972)).
93
Let p = 268 + -191. Calculate the remainder when p is divided by 20/110 - (225/(-33) - -2).
2
Let p(s) = -s**3 - 15*s**2 - 3*s - 35. Suppose -25 = 5*u, 5*n - 5*u = 24 + 11. What is the remainder when 692/15 - n/15 is divided by p(-15)?
6
Let f be ((-30)/(-7) + -4)/(1/14). Suppose -147 + 215 = f*u. Calculate the remainder when 29 is divided by u.
12
Let z(s) = -4*s - 8. Let o be z(-2). Suppose o = 11*t - 70 - 29. Let m = -56 - -79. What is the remainder when m is divided by t?
5
Suppose 5*v - 2380 = -4*j, -10 = 163*j - 165*j. Calculate the remainder when v is divided by 52.
4
Let x = -13 + 109. Let w = 125 - 198. Let b = w + x. What is the remainder when 66 is divided by b?
20
Suppose -406*c + 368*c + 22154 = 0. What is the remainder when c is divided by 12?
7
Let l = 304 + -300. Suppose -4*f + 46 + 274 = 4*h, 3*f = l*h - 306. Let r = 93 - 53. What is the remainder when h is divided by r?
38
Let p = 11 + -2. Suppose 20 = 4*m, -5*y - 83 = -9*y + m. Calculate the remainder when y is divided by p.
4
Let y be 1/((-9)/(-1962)*-2). Let d = y + 208. What is the remainder when d is divided by 94?
5
Calculate the remainder when 2*167 + (12/120 - (-69)/10) is divided by 26.
3
Suppose 0 = -7*t + 7 + 7. Suppose -q - 903 = -5*b, 0*q + 363 = t*b - q. Suppose -2*m - 3*j - j = -b, j + 90 = m. What is the remainder when m is divided by 20?
10
Let x = -7422 + 7498. What is the remainder when 6837 is divided by x?
73